 base 5.
32
What is -1 (base 8) in base 15?
-1
What is -11 (base 6) in base 16?
-7
What is -3 (base 12) in base 9?
-3
220 (base 8) to base 12
100
-1 (base 8) to base 6
-1
85 (base 13) to base 3
11001
250 (base 6) to base 5
402
Convert -4 (base 7) to base 4.
-10
What is -1022 (base 5) in base 14?
-9b
12 (base 13) to base 11
14
Convert -1a (base 14) to base 16.
-18
What is 524 (base 6) in base 9?
237
35 (base 6) to base 14
19
c (base 13) to base 4
30
-20 (base 14) to base 8
-34
-100 (base 6) to base 8
-44
What is 2 (base 16) in base 2?
10
What is -19 (base 15) in base 7?
-33
-8 (base 11) to base 8
-10
Convert -21 (base 4) to base 10.
-9
What is 1a (base 12) in base 10?
22
What is 12 (base 10) in base 9?
13
What is -a (base 11) in base 4?
-22
Convert 11 (base 8) to base 7.
12
15a (base 13) to base 9
301
-37 (base 10) to base 14
-29
Convert -30 (base 4) to base 9.
-13
Convert -24 (base 9) to base 2.
-10110
3 (base 8) to base 12
3
Convert -3 (base 14) to base 3.
-10
-7 (base 8) to base 3
-21
1131 (base 4) to base 5
333
What is 23 (base 8) in base 3?
201
What is -5a (base 12) in base 5?
-240
Convert 11 (base 4) to base 7.
5
Convert -4 (base 11) to base 7.
-4
Convert -3 (base 4) to base 9.
-3
-210 (base 4) to base 7
-51
Convert -520 (base 7) to base 4.
-10003
100 (base 4) to base 9
17
Convert 46 (base 13) to base 5.
213
Convert 0 (base 5) to base 9.
0
Convert 2 (base 14) to base 6.
2
-131 (base 8) to base 4
-1121
Convert -312 (base 9) to base 6.
-1102
What is 15 (base 14) in base 7?
25
Convert 72 (base 14) to base 4.
1210
What is 1010011 (base 2) in base 9?
102
What is 2 (base 14) in base 13?
2
What is 1010011 (base 2) in base 7?
146
Convert 4a (base 11) to base 7.
105
What is 10000 (base 2) in base 4?
100
What is 10 (base 11) in base 5?
21
11 (base 4) to base 13
5
What is -1 (base 15) in base 6?
-1
Convert 20 (base 15) to base 6.
50
-72 (base 14) to base 15
-6a
Convert 0 (base 14) to base 13.
0
Convert -16 (base 11) to base 2.
-10001
What is 3 (base 8) in base 10?
3
Convert -b (base 13) to base 7.
-14
Convert 32 (base 6) to base 3.
202
What is 3 (base 11) in base 5?
3
What is 25 (base 9) in base 7?
32
Convert -636 (base 8) to base 3.
-120100
What is 0 (base 10) in base 11?
0
Convert -1201 (base 3) to base 9.
-51
Convert -23 (base 15) to base 16.
-21
What is -12 (base 11) in base 8?
-15
-2 (base 3) to base 12
-2
Convert -14 (base 14) to base 11.
-17
Convert 100 (base 2) to base 5.
4
What is -1100011 (base 2) in base 9?
-120
What is -3 (base 13) in base 6?
-3
What is 64 (base 11) in base 10?
70
Convert 0 (base 7) to base 10.
0
64 (base 7) to base 8
56
Convert -3 (base 5) to base 16.
-3
What is -233 (base 6) in base 13?
-72
What is -4 (base 12) in base 5?
-4
Convert 53 (base 11) to base 15.
3d
What is 0 (base 3) in base 2?
0
What is 2c (base 14) in base 11?
37
-1a (base 16) to base 10
-26
What is -321 (base 4) in base 9?
-63
Convert -16 (base 11) to base 10.
-17
-3 (base 14) to base 16
-3
Convert 11 (base 7) to base 5.
13
-89 (base 14) to base 12
-a1
Convert 2 (base 7) to base 12.
2
75 (base 14) to base 11
94
Convert -1 (base 12) to base 16.
-1
1a0 (base 12) to base 6
1120
Convert -1031 (base 4) to base 6.
-205
What is -46 (base 10) in base 3?
-1201
Convert 50 (base 11) to base 8.
67
-1100100 (base 2) to base 13
-79
Convert -c9 (base 16) to base 11.
-173
101 (base 6) to base 2
100101
Convert 3 (base 8) to base 9.
3
-3 (base 7) to base 6
-3
13 (base 5) to base 3
22
What is -17 (base 14) in base 10?
-21
What is 1 (base 4) in base 15?
1
What is -42 (base 8) in base 6?
-54
1a (base 11) to base 6
33
What is -2 (base 11) in base 10?
-2
25 (base 13) to base 14
23
3 (base 6) to base 13
3
What is -11 (base 10) in base 13?
-b
-2 (base 13) to base 10
-2
Convert -33 (base 15) to base 12.
-40
What is -165 (base 11) in base 7?
-363
2 (base 6) to base 10
2
What is 230 (base 4) in base 3?
1122
Convert 64 (base 11) to base 15.
4a
Convert -16 (base 10) to base 15.
-11
Convert -11 (base 9) to base 6.
-14
4 (base 10) to base 4
10
32 (base 4) to base 6
22
What is -3 (base 12) in base 6?
-3
Convert 11 (base 7) to base 4.
20
What is 4 (base 13) in base 6?
4
Convert -10001 (base 3) to base 15.
-57
Convert 5a (base 13) to base 11.
69
1111 (base 3) to base 8
50
-3 (base 6) to base 15
-3
2 (base 4) to base 12
2
What is -13 (base 14) in base 10?
-17
Convert -2 (base 7) to base 10.
-2
41 (base 15) to base 10
61
Convert 2 (base 8) to base 16.
2
Convert 9 (base 16) to base 11.
9
Convert -12 (base 4) to base 14.
-6
12100 (base 3) to base 14
a4
1 (base 13) to base 3
1
-23 (base 4) to base 7
-14
Convert -2 (base 10) to base 11.
-2
What is 254 (base 6) in base 4?
1222
2 (base 3) to base 4
2
Convert -22 (base 4) to base 3.
-101
What is 2 (base 7) in base 5?
2
What is -84 (base 9) in base 7?
-136
What is 0 (base 14) in base 9?
0
Convert -3 (base 4) to base 11.
-3
Convert 2 (base 9) to base 12.
2
What is 51 (base 12) in base 15?
41
-12 (base 10) to base 6
-20
Convert -414 (base 6) to base 11.
-130
Convert -10 (base 11) to base 16.
-b
Convert 82 (base 9) to base 3.
2202
What is 4 (base 12) in base 10?
4
Convert 10 (base 3) to base 7.
3
Convert -20 (base 5) to base 10.
-10
-110001 (base 2) to base 5
-144
What is -3 (base 4) in base 2?
-11
What is 62 (base 7) in base 4?
230
Convert -14 (base 12) to base 11.
-15
Convert 1 (base 3) to base 5.
1
What is 10 (base 5) in base 10?
5
44 (base 13) to base 3
2002
What is 13 (base 5) in base 10?
8
What is 350 (base 6) in base 11?
116
Convert 112 (base 14) to base 9.
255
Convert 31 (base 7) to base 13.
19
-50 (base 7) to base 9
-38
Convert 1 (base 2) to base 9.
1
Convert 101 (base 4) to base 6.
25
What is -161 (base 10) in base 15?
-ab
What is -32 (base 4) in base 9?
-15
3 (base 8) to base 9
3
What is -5 (base 7) in base 16?
-5
14 (base 10) to base 9
15
-21 (base 6) to base 16
-d
-101 (base 2) to base 7
-5
Convert 0 (base 4) to base 2.
0
12d (base 16) to base 14
177
120 (base 7) to base 2
111111
What is 3 (base 5) in base 2?
11
141 (base 9) to base 4
1312
Convert -1 (base 12) to base 3.
-1
10010 (base 3) to base 15
59
Convert 2 (base 6) to base 7.
2
-49 (base 10) to base 9
-54
Convert -12 (base 4) to base 9.
-6
What is -66 (base 8) in base 2?
-110110
What is 120 (base 10) in base 8?
170
Convert -101 (base 11) to base 9.
-145
Convert -2333 (base 4) to base 16.
-bf
Convert 432 (base 5) to base 13.
90
-13 (base 15) to base 2
-10010
-21 (base 9) to base 14
-15
Convert -7 (base 12) to base 5.
-12
-1000001 (base 2) to base 3
-2102
What is 7 (base 11) in base 10?
7
-66 (base 10) to base 15
-46
3 (base 6) to base 5
3
Convert 0 (base 10) to base 12.
0
What is -11010010 (base 2) in base 16?
-d2
-1000 (base 2) to base 10
-8
-5 (base 15) to base 13
-5
What is 2 (base 10) in base 8?
2
Convert -4 (base 6) to base 11.
-4
What is 54 (base 9) in base 11?
45
1 (base 8) to base 16
1
Convert 16 (base 10) to base 16.
10
What is 1 (base 13) in base 15?
1
2 (base 4) to base 13
2
What is 111 (base 3) in base 10?
13
What is 3 (base 10) in base 12?
3
What is -a (base 13) in base 11?
-a
Convert -5 (base 9) to base 14.
-5
-1 (base 16) to base 8
-1
-2 (base 12) to base 13
-2
Convert 0 (base 16) to base 14.
0
-22 (base 9) to base 14
-16
Convert -106 (base 9) to base 4.
-1113
Convert -6 (base 16) to base 2.
-110
5b (base 14) to base 7
144
27 (base 11) to base 3
1002
What is 0 (base 7) in base 3?
0
-bb (base 12) to base 7
-263
What is -11101 (base 3) in base 9?
-141
What is 1110110 (base 2) in base 9?
141
What is 30 (base 12) in base 4?
210
4 (base 15) to base 4
10
3 (base 10) to base 14
3
What is 1 (base 16) in base 6?
1
1223 (base 5) to base 2
10111100
What is 4 (base 15) in base 11?
4
-4 (base 11) to base 16
-4
Convert -10 (base 2) to base 3.
-2
What is 1 (base 4) in base 13?
1
What is -110111 (base 2) in base 3?
-2001
Convert -4 (base 14) to base 16.
-4
What is 1102 (base 3) in base 2?
100110
What is 2 (base 16) in base 8?
2
-2 (base 3) to base 6
-2
What is 2 (base 11) in base 13?
2
What is -24 (base 7) in base 14?
-14
Convert -1 (base 5) to base 2.
-1
Convert -1 (base 5) to base 11.
-1
Convert -241 (base 7) to base 14.
-91
Convert -9 (base 10) to base 6.
-13
What is 300 (base 7) in base 3?
12110
Convert 0 (base 5) to base 8.
0
What is -461 (base 7) in base 10?
-239
Convert -1